 divisor of a and g.
5
Let o be (0 - -4) + -12 + 12. Suppose -4*h - c = -h - 8, o = -c. Calculate the highest common divisor of 28 and h.
4
Let j(f) = f**3 + 3*f**2 - 4*f + 1. Let z be j(-3). Let n be (890/1780)/(((-1)/5)/(26/(-5))). Calculate the highest common divisor of n and z.
13
Let o(p) = -105*p - 1. Let r be o(-1). Suppose 2*y - 23 = -d, 2*y = 2*d + 25 + 7. Calculate the greatest common factor of r and y.
13
Let y be (275/35)/(4/28). Calculate the highest common divisor of 99 and y.
11
Suppose 5*l + x - 9 = 0, 2*l - x = 2*x + 7. Suppose l*s + z + 20 = 3*s, 2*z - 98 = -4*s. What is the greatest common divisor of 23 and s?
23
Suppose 0*l = -q + 5*l + 29, -2*q - 2*l = -70. Suppose -3*i - v = -46, -4*v = 3*i - q + 3. Calculate the highest common factor of i and 187.
17
Suppose -350 = 1513*c - 1518*c. Calculate the highest common divisor of c and 1190.
70
Suppose 4*z + 3 = c, -z + 12 = -6*z + 4*c. Suppose o - 9 = -z. Suppose -l + 1 = -o. What is the highest common divisor of l and 50?
10
Let b(h) = h**2 - 3 - 5*h + 1 + 12*h + 2*h. Let r be b(6). Suppose -r = -3*i - i. What is the greatest common divisor of 22 and i?
22
Let a be 88*((-429)/12)/(-13). Let j(c) = -c**3 + 8*c**2 - 5*c + 8. Let t be j(7). What is the highest common divisor of t and a?
22
Let c(a) = -a**3 + 6*a**2 - 2*a + 1. Let r be c(3). Suppose 0 = -r*j + 23*j - 7. Suppose 3*i - j*i = -100. Calculate the highest common divisor of i and 125.
25
Suppose -5*u - 14 = -o, -2*u - u = -3*o + 18. Let j(i) = -5*i - 9. Let p be j(u). What is the highest common factor of 1 and p?
1
Suppose 2*d = -d - 4*n + 18, 0 = 2*n - 6. Let q = 16 + d. What is the highest common factor of q and 24?
6
Let n be 12 + 27/18*6. Calculate the greatest common factor of n and 3.
3
Let h be (-208)/(-3)*3/(-2). Let n = -22 + 30. Let t = n - h. Calculate the greatest common divisor of 16 and t.
16
Let m(r) = r**3 + 11*r**2 + 9*r - 3. Let b be m(-10). Let x = 3 + -4. Let j be 0 + 1 + x + 7. Calculate the greatest common divisor of b and j.
7
Suppose 4 = -2*u, 494*l + 3*u - 319 = 493*l. What is the highest common divisor of l and 39?
13
Suppose -1 + 6 = b. Suppose -3*g - 130 = -b*g. Let m = 208 - g. Calculate the highest common divisor of 13 and m.
13
Suppose -g = 6*g - 1512. Let d(s) = 3 + 5*s**2 - 5*s**2 - s**3 - 2*s + 4*s. Let f be d(-3). Calculate the greatest common divisor of f and g.
24
Suppose 2*m + 10 = 7*m. Suppose 0 = m*s - 4*s. Suppose 0 = 3*g + 12, 4*t + 4*g - 3 - 201 = s. What is the highest common divisor of 5 and t?
5
Let v(a) = -4 - 5 - 2*a - 1. Let s be v(-6). Suppose 2*h + 8 = 0, 102 = y + s*h - 9. What is the greatest common divisor of 17 and y?
17
Let n(f) = -29*f + 5. Let m be n(1). Let l = -146 - -218. Let z = m + l. Calculate the highest common factor of z and 12.
12
Let i(q) = -9*q**3 - q + 1. Let j be i(1). Suppose 4 + 2 = 3*m. Let t be (3 + j/m)*-10. What is the highest common factor of t and 3?
3
Suppose 4*o - 16*o - 468 = 0. Let h = -21 - o. Suppose 3*n - 364 - 14 = 0. Calculate the greatest common divisor of n and h.
18
Let l = 167 - 14. Let w = -380 - -397. Calculate the greatest common divisor of w and l.
17
Let h(w) = w - 4. Let q be h(8). Suppose -10*m + q*m = 0. Suppose m = 36*y - 31*y - 605. What is the highest common divisor of y and 11?
11
Suppose -3*f = -f - 6. Suppose -2*u = 4*p - 78, f*p - 36 = p - 4*u. Calculate the highest common factor of p and 80.
20
Suppose -289 = -y + 23. Let m be ((-1)/(-1))/(-4*(-2)/y). Calculate the greatest common divisor of 26 and m.
13
Let z(f) = -4*f**3 - 5*f**2 - 2*f - 8. Let d be z(-4). What is the greatest common factor of d and 22?
22
Suppose 5 - 8 = j. Let p = 15 - j. Let a be ((-924)/p)/((-4)/18). Calculate the greatest common divisor of a and 21.
21
Suppose -7 = -6*v - 1. What is the highest common divisor of 27 and v?
1
Suppose 0*k - 13 = -a + 4*k, 2 = 2*a + 4*k. Suppose -128 = -a*g + g. Let n be ((-52)/10 - -2)*-15. Calculate the greatest common divisor of g and n.
16
Suppose 10*j + 48 = 208. Let g be (j - -159) + (-2)/(-2). Calculate the highest common divisor of 22 and g.
22
Let h(z) = 7*z**3 - 2*z**2 + 35*z - 13. Let d be h(5). What is the greatest common factor of 42 and d?
21
Let w(l) = 5*l + 129. Let t be w(5). Calculate the highest common divisor of t and 66.
22
Suppose -5*q + 16 = -4*x, 0*q + 4 = q. Let b be 13 - x/(-4 - -3). Let k be 464/b + 5/(-35). What is the highest common factor of 3 and k?
3
Let p be (-17)/(-2) - (-5)/10. Let s(x) = x**2 - 8. Let o be s(p). Suppose 0 = w + w + 4*m - 70, -3*w = -2*m - o. What is the highest common factor of w and 9?
9
Let g(a) = -38*a + 589. Let u be g(13). Let h(x) = -2*x - 5. Let r be h(-4). Suppose r*m + 0*m - 114 = 0. Calculate the greatest common divisor of m and u.
19
Let y(h) = -h**2 - 18*h + 56. Let c be y(-18). Calculate the highest common factor of c and 40.
8
Let c = 110 + -108. Let r be (-2)/(c + (-25)/10). What is the highest common divisor of 64 and r?
4
Let u(z) = -z**2 + 8*z + 7. Let y be u(9). Let v be -18*(7/y + 3). What is the greatest common factor of 45 and v?
9
Let w be (-2)/(-7) + 160/(-70). Let q be (-402)/(-12) - w/4. Suppose -2*y - 3*y + 85 = 0. Calculate the highest common factor of y and q.
17
Suppose 0 = 2*p - 8*p + 474. Let k = p - 49. What is the highest common divisor of 45 and k?
15
Let c = -78 + 60. Let b be (-292)/c + (4 - (-76)/(-18)). What is the greatest common divisor of 4 and b?
4
Suppose 0 = -25*y + 28*y - 795. Suppose -b - a = 3*b - y, -a = -5. Calculate the highest common factor of b and 26.
13
Let i be -4*-1*87/12. Let u = i + -22. Calculate the highest common factor of u and 3.
1
Let d(m) = -11*m**3 + 2*m + 1. Let b be d(-1). What is the greatest common factor of 4 and b?
2
Suppose -g - 170 = -2*g + 3*t, 0 = t + 5. Let v(y) = y**3 + 8*y**2 - 13*y - 5. Let i be v(-9). What is the highest common divisor of g and i?
31
Suppose 4*p - 3*p + 2730 = 0. Let b be 1*6/21 - p/49. Calculate the greatest common factor of 140 and b.
28
Let a = -9 - 1. Let i = -5 - a. Let b = 26 - -29. Calculate the highest common factor of b and i.
5
Let o be 7/(-7) + -1 - -254. Calculate the highest common divisor of o and 72.
36
Let r(w) = -33*w - 1. Let u be (3 - 0)*4/(-6). Let f be (1/u*-2)/(-1). Let z be r(f). Calculate the greatest common divisor of 4 and z.
4
Let h be 12/(-8)*(-4 + 2) + 1485. Calculate the greatest common divisor of h and 32.
16
Suppose a + z = -20, 6*a + 2*z - 24 = 8*a. Let l be 242*(a/(-3 + -1) + -3). What is the greatest common factor of 22 and l?
22
Let z(p) = 5*p**2 - 55*p + 5. Let i be z(11). What is the highest common factor of i and 5?
5
Let q = 108 + 68. What is the greatest common factor of 16 and q?
16
Suppose -3*q - 5*a = -2*q + 7, 0 = 5*q - 2*a - 19. Suppose q*g = -6, -3*g = 4*n - 0*g - 210. Calculate the greatest common divisor of 6 and n.
6
Let h = -22 - -82. Suppose j = 12 - 5. Suppose j*g - g - 72 = 0. Calculate the highest common factor of h and g.
12
Let r(f) = 392*f**3 - 5*f**2 + 6*f - 1. Let l be r(1). Calculate the greatest common factor of 56 and l.
56
Suppose r - a + 3 = 0, a = 4 + 1. Suppose 12 = n + 5*z, -r*n - 2*z + 12 = 2*z. Let f = 5 - 0. What is the highest common factor of n and f?
1
Let r = -152 + 154. Suppose -2*i = -i + 2*j - 8, -r*j = 4*i - 38. Calculate the greatest common divisor of 90 and i.
10
Suppose x - 7*x = -48. Let a(o) = o + 2 - o + x + 3*o. Let d be a(-3). Calculate the greatest common factor of d and 2.
1
Let w(f) = f**2 - 12*f - 33. Let t be w(15). Suppose -8 = -3*g + 2*g. Let b = 10 + g. Calculate the greatest common divisor of t and b.
6
Suppose 2*p - 21 = 109. Let b = p + -37. Suppose -156 - 54 = -5*n. Calculate the highest common factor of n and b.
14
Suppose -b + 12 = -28. Suppose 2*n - 3*x + 8*x - 10 = 0, 33 = 3*n + 3*x. Let r be ((-80)/n)/(1/(-3)). Calculate the greatest common divisor of r and b.
8
Let i(s) = 54*s + 178. Let j be i(3). Calculate the highest common divisor of 8 and j.
4
Let i = -9 + 23. Let l(f) = -44*f + 139. Let n be l(3). Calculate the greatest common factor of i and n.
7
Suppose -p + 4*p = -102. Let f = p - -24. Let x = f + 30. What is the highest common divisor of 10 and x?
10
Suppose 4 = 9*l - 5*l. Let w(m) = 6*m**2 + m - 1. Let c be w(l). What is the greatest common fa